12*u**4 + u + 0. Suppose 4*g = 10*v - 7*v - 32, -g = 5. Calculate l(v).
1
Let o(n) = -n**3 - 5*n**2 - 6. Let g be o(-6). Suppose -5*f = -0*f + g. Let s(c) = c**3 + 6*c**2 - c - 3. Determine s(f).
3
Let t be 16/14 - (-3750)/(-525). Let m(h) be the third derivative of h**5/60 + 7*h**4/24 - h**3/2 - h**2. Determine m(t).
-9
Let f be 2/(-7) + 89/(-7). Let i = f + 9. Let m(y) = -21*y - 507. Let c(w) = 4*w + 95. Let n(g) = -16*c(g) - 3*m(g). Calculate n(i).
5
Let r(v) = 2*v + 4. Let d(k) = -k**3 + k**2 - 2*k**2 - 7 + 6*k**2 + 2*k. Suppose -22 = -5*x + 3. Let l be d(x). What is r(l)?
10
Let i(d) = d**2 + 25*d + 44. Let h = 2307 + -2330. Give i(h).
-2
Let x(q) = -q**2 - 6*q - 6. Let b(t) be the first derivative of -t**3/3 + 5*t**2/2 - 4*t + 3. Let h be b(4). Suppose 3*g + 12 = -h. What is x(g)?
2
Let g = -1211/6 + 202. Let s(m) be the second derivative of 0*m**4 + 0 + 2*m**2 - 4*m + 1/20*m**5 - g*m**3. Give s(0).
4
Let f(w) = 2*w**2 + 2 - w**2 - 5 - 2*w. Suppose 2 - 5 = -v, 2*a - 68 = -2*v. Let u = -33 + a. Give f(u).
5
Let b(t) be the third derivative of -5*t**4/12 - 13*t**3/6 - 355*t**2. Determine b(-6).
47
Let a(h) = -20 + h**3 - 5 + 4063*h - 18*h**2 + 7 - 4081*h. Give a(19).
1
Suppose -4*i - 5*z = 9, 2*z - 7*z - 5 = 0. Let v(j) be the first derivative of j - 11 - 11/2*j**2. Calculate v(i).
12
Let s(a) = -a**3 - 20*a**2 + 22*a + 24. Let y be s(-21). Let j(k) = -k**y - 6*k - 6*k**2 + 4 - 14 + 0*k + 7. Determine j(-5).
2
Let j(y) be the third derivative of -y**5/60 - 5*y**4/24 + 53*y**2. Let r = 10 - 14. What is j(r)?
4
Let a(h) be the third derivative of -h**7/5040 + h**6/720 + 5*h**5/12 - 9*h**2. Let s(x) be the third derivative of a(x). Calculate s(3).
-2
Suppose 0*c + c = -4. Let x(g) be the second derivative of -g**3/3 - 3*g**2/2 + 74*g. Give x(c).
5
Let t(k) = -4*k**3 + 7*k**2 + 4*k - 6. Let r(v) = 11*v**3 - 21*v**2 - 12*v + 19. Let c(y) = -3*r(y) - 8*t(y). Calculate c(7).
19
Let g(i) be the second derivative of -1/60*i**5 + 0 + 7/24*i**4 + i**2 + 1/3*i**3 + 2*i. Let h(y) be the first derivative of g(y). Determine h(7).
2
Let u(c) = c**3 - 6*c**2 + 6*c - 2. Let z(n) = -9*n - 3. Let d be z(1). Let g = 16 + d. Give u(g).
-10
Let x(m) = 2*m**3 - m**2 + 2*m. Let b be ((-16)/12)/(-3 + 77/21). Determine x(b).
-24
Suppose -10*u + 6*u + 1 = 3*v, 33 = 2*u - 5*v. Let g(a) = -a - 4. What is g(u)?
-8
Let l(z) = 5*z - 7. Let i be l(-6). Let p = i - -38. Let b(t) be the first derivative of -3*t**2/2 + 4. What is b(p)?
-3
Let z(f) = -f**3 + 5*f + 1 - 3*f + 1 - 4*f**2. Suppose 3*k + 4*l - 2*l + 1 = 0, -4*k + 5*l - 9 = 0. Let w be k + (-2)/1 - 1. Determine z(w).
-6
Let i(a) = -3*a**3 + 3*a**2 - a. Suppose -14 = -3*s + 2*q, 5*s + 3*q + 0*q + 2 = 0. Calculate i(s).
-14
Let i be 2 + (-1 - -4 - 2). Let y(v) = 6*v**2 - 6*v**2 + i*v**3 + v + 5 - 4*v**3. Let b(u) = -u**2 - 8*u. Let m be b(-8). What is y(m)?
5
Let j(f) be the second derivative of f**4/12 + f**3 + 3*f**2 - 2*f. Suppose 33*n + 93 = -72. Calculate j(n).
1
Let f(j) be the second derivative of 0 - j**3 + 5/2*j**2 - 4*j - 1/24*j**4. Let p(c) be the first derivative of f(c). Determine p(-6).
0
Let j = 3431 - 3436. Let n(y) = 2 - 3*y + 3 - y**2 - 2. Give n(j).
-7
Let s = 17596 - 17591. Let v(f) be the second derivative of -f**6/144 + 7*f**5/120 + f**4/12 + f. Let d(y) be the third derivative of v(y). Determine d(s).
-18
Let k be 2*((-20)/(-8) + 0). Suppose 0 = -2*h + k - 1. Suppose -7 = h*b - b. Let s(d) = -d**2 - 9*d - 8. Calculate s(b).
6
Let v(n) = -n**2 + n + 1. Let u(h) = 7*h + 2. Let x(y) = -u(y) - v(y). Let j be x(9). Let s be (j*1/2)/1. Let l(m) = -m**3 + 2*m**2 + 3*m. What is l(s)?
0
Let p(k) = 10*k - 39. Let d be p(3). Let n(h) = h**2 + 10*h + 8. What is n(d)?
-1
Let y(o) be the first derivative of o**3/3 - 5*o**2/2 - o - 499. Give y(6).
5
Let u(t) be the third derivative of -t**7/2520 - t**6/360 + t**5/40 - 25*t**4/24 - 26*t**2. Let n(a) be the second derivative of u(a). Determine n(-4).
-5
Let y(c) be the first derivative of -11*c**2/2 - c + 1086. Let j = 1 + 10. Suppose -2*q = -3*p - j - 2, -2*q - 4*p - 22 = 0. Determine y(q).
10
Let h(r) = -r. Suppose 0 = -3*y - 5*l + 3, 3*l = -2*l. What is h(y)?
-1
Let x(o) be the second derivative of -o**3/6 + 3*o**2 + 74*o. Calculate x(7).
-1
Let x(n) = -n**2 + 7*n - 7. Let o be (-2)/6*-2 - 330/9. Let m be (-6)/o*-3*-14. What is x(m)?
-7
Let c(u) = -61*u - 243. Let q be c(-4). Let m(n) = 2*n. Determine m(q).
2
Suppose 5*y - 3 = n - 22, -4*n = 3*y + 39. Let b(z) = z**2 + 10*z + 8. Calculate b(n).
-16
Let t(j) = -8 + 22*j**2 + 9 - 18*j**2 + 2*j. Determine t(-2).
13
Suppose 0 = 7*l + 24 - 87. Let h(d) = 3*d + 1 - l + 5 + 2. Calculate h(-2).
-7
Let l(t) = t**3 + 7*t**2 - 2*t - 5. Let c = 284 + -291. Determine l(c).
9
Let p(a) = 121*a + 11. Let c(o) = -15*o - 1. Let z(x) = 8*c(x) + p(x). Suppose -2 = f + 4. Give z(f).
-3
Let i(k) = k**3 - 3*k**2 - 5*k + 3. Suppose 6 = -2*w - 20. Let l = w + 17. Let f(x) = 2*x - 4. Let v be f(l). Determine i(v).
-1
Let n(s) = -2*s**3 + 27*s**2 + 16*s + 13. Let d(p) = -p**3 + 13*p**2 + 8*p + 6. Let r(f) = -13*d(f) + 6*n(f). Suppose 3*u = -20*u + 184. Give r(u).
0
Let l(g) be the first derivative of -g**4/4 + 7*g**3/3 + 5*g**2 - 2*g - 53. Give l(8).
14
Let p(d) = -8*d**3 + 12*d**2 + 11*d + 4. Let x(o) = 3*o**3 - 4*o**2 - 4*o - 1. Suppose 4*c = 5*c - 4. Let k(b) = c*p(b) + 11*x(b). What is k(-5)?
-20
Let j(f) = 3*f**3 + 16*f**2 - 23*f + 18. Let i(w) = 6*w + 3. Let x be i(-1). Let s(q) = -2*q**3 - 8*q**2 + 12*q - 9. Let p(d) = x*j(d) - 5*s(d). Determine p(7).
5
Let u = -174 + 182. Let y(r) = r**2 - 12*r + 12. Calculate y(u).
-20
Let v(s) = -s**3 - 9*s**2 + s - 4. Suppose -9 = z + 2*w, -w + 18 = -3*z + z. Calculate v(z).
-13
Let h = -57 - -60. Let g(t) = -t**3 - t**2 - 4*t - 1. Let k(p) = -p**3 - 4*p. Let o(i) = h*k(i) - 4*g(i). Give o(-3).
1
Suppose y = -5*t - 25, 0 = 5*t + 2*y - 8 + 38. Let v(k) = k**2 - 3*k + 4. What is v(t)?
32
Let h be 6/27 + (-50)/(-18). Let z(y) = 3*y**2 + 8*y - 15. Suppose p + 11 = 19. Let l(r) = -r**2 - 3*r + 5. Let u(w) = h*z(w) + p*l(w). Determine u(0).
-5
Let i be 16/12 - 4/12. Let v(w) = 24*w - 1. Give v(i).
23
Let w(i) be the second derivative of -i**5/20 - 7*i**4/12 - i**3/2 + 4*i**2 - 92*i - 2. What is w(-6)?
-10
Let b(p) = -p + 8. Let q be b(8). Let l(m) = -48*m + 86. Let g(z) = -13*z + 22. Let f(o) = 11*g(o) - 3*l(o). What is f(q)?
-16
Let d be 7/(-42)*-4 - (-20)/6. Let s(a) = -a + 5 - 6 + 10. Calculate s(d).
5
Let b = -26 + 21. Let n(f) = -4*f - 8. Let z(r) = 4*r + 6. Let l(v) = b*z(v) - 4*n(v). What is l(3)?
-10
Let l be 65*3/((-75)/(-5)). Let w(o) = 14*o - 3 - l*o + 2. Calculate w(6).
5
Let o(v) = 8*v**3 - v**2 - 2*v - 6. Let a(j) = -6*j**3 + j**2 + 2*j + 4. Let n(b) = 3*a(b) + 2*o(b). What is n(2)?
-8
Let q(l) = -2*l + 4. Let g(p) = p**2 + 3*p - 9. Let k be g(-6). Let d(i) = -i**2 + 7*i + 15. Let j be d(k). Determine q(j).
10
Let r(o) = 7*o**3 + 10*o**2 - 4*o + 5. Let v(t) = -2*t**3 - t**2 - t. Let z(h) = r(h) + 3*v(h). Calculate z(-8).
-3
Suppose 4*y + 11 = 19. Let h(k) = 2*k**2 - 10*k**2 + 5 - 4*k + 3*k**2 + 4*k**y. Give h(-5).
0
Let a(f) = 41*f**2 + 6 - 1 - 1 - 42*f**2. Determine a(0).
4
Let g(p) = 12 + 16 + 23 + 9*p - 62 + 15. Give g(5).
49
Let t(x) be the second derivative of -x**4/12 - 5*x**3/6 - 2*x**2 - x. Let p be (-57)/(-6) - 12/8. Let w be 10/(-2)*(-7 + p). What is t(w)?
-4
Let x(b) = b**2 - 5*b + 1. Let p be 20/(-7)*84/(-24). Suppose -2*o + p = 4*v, 3*v + 0 - 15 = -4*o. Suppose -o*u = -22 + 7. What is x(u)?
1
Let l(r) be the first derivative of -35 + r**3 + 4*r + 1/2*r**2 - 1/4*r**4. Determine l(3).
7
Let y(j) = -1 + 6*j + 4*j - 9*j + 2 + 7*j. Calculate y(-4).
-31
Let q = 16 - 20. Let n(r) = 2*r**3 + 8*r**2 - r - 2. Give n(q).
2
Let v = -17415 - -17416. Let x(l) = -9*l + 2. Let s(r) be the third derivative of -9*r**4/8 + 5*r**3/6 - r**2. Let a(t) = 3*s(t) - 8*x(t). Give a(v).
-10
Suppose 63 = -15654*m + 15647*m. Let p(h) = 6 + 3*h**2 + 6 - 6*h - 4*h**2. Give p(m).
-15
Let x(b) = -b**2 + b + 15. Let v be -1 + -1 + 3 + 67. Let w = v + -68. What is x(w)?
15
Let a(j) = -3*j - 3. Let i(b) = b + 15 - 10 - 9 - 4*b. Let t(d) = -5*a(d) + 4*i(d). What is t(2)?
5
Let p(i) be the third derivative of -i**6/120 - i**5/12 - i**4/8 - i**3/2 + i**2. Let w = 89 - -39. Let t = 126 - w. Calculate p(t).